38 and 621.
69
What is the highest common factor of 136 and 40?
8
What is the greatest common factor of 12954 and 204?
102
Calculate the highest common factor of 1512 and 5400.
216
Calculate the highest common divisor of 126 and 162.
18
What is the highest common divisor of 970 and 3104?
194
Calculate the greatest common divisor of 85 and 14705.
85
Calculate the highest common divisor of 238 and 126.
14
Calculate the highest common factor of 594 and 3234.
66
What is the greatest common factor of 15 and 125?
5
Calculate the highest common divisor of 11670 and 60.
30
Calculate the greatest common divisor of 9499 and 23.
23
What is the highest common factor of 286 and 7982?
26
Calculate the highest common factor of 484 and 12.
4
Calculate the greatest common factor of 220 and 11990.
110
What is the greatest common divisor of 750 and 1950?
150
What is the highest common divisor of 1287 and 99?
99
Calculate the highest common factor of 28 and 308.
28
What is the highest common divisor of 272 and 629?
17
Calculate the greatest common divisor of 1968 and 48.
48
Calculate the highest common factor of 280 and 1750.
70
What is the highest common divisor of 9112 and 544?
136
What is the highest common factor of 12 and 228?
12
Calculate the highest common factor of 366 and 31659.
183
What is the greatest common factor of 2898 and 108?
18
Calculate the highest common divisor of 2584 and 152.
152
Calculate the highest common factor of 750 and 26500.
250
Calculate the highest common factor of 460 and 40.
20
What is the highest common factor of 754 and 4?
2
What is the highest common divisor of 7 and 238?
7
Calculate the greatest common divisor of 200 and 14920.
40
What is the highest common factor of 657 and 144?
9
What is the highest common divisor of 2952 and 72?
72
What is the greatest common divisor of 24523 and 137?
137
What is the highest common divisor of 132100 and 100?
100
Calculate the highest common factor of 2 and 131.
1
What is the greatest common factor of 672 and 4128?
96
What is the highest common factor of 516 and 36?
12
What is the greatest common divisor of 272 and 51?
17
What is the highest common factor of 672 and 96?
96
What is the highest common factor of 3702 and 6?
6
Calculate the highest common divisor of 4 and 324.
4
What is the highest common factor of 409 and 2?
1
What is the highest common divisor of 1696 and 224?
32
What is the greatest common factor of 1684 and 4?
4
Calculate the greatest common divisor of 272 and 51.
17
Calculate the highest common divisor of 1418 and 2.
2
Calculate the greatest common divisor of 24 and 4236.
12
What is the highest common factor of 7 and 11893?
7
What is the greatest common divisor of 203 and 174?
29
What is the highest common divisor of 4521 and 33?
33
What is the greatest common divisor of 64 and 832?
64
What is the greatest common factor of 154 and 539?
77
What is the greatest common divisor of 232 and 1363?
29
Calculate the highest common divisor of 665 and 35.
35
What is the highest common factor of 19 and 1007?
19
What is the highest common factor of 91 and 273?
91
What is the greatest common divisor of 33 and 352?
11
Calculate the highest common factor of 243 and 108.
27
What is the highest common factor of 2 and 146?
2
What is the greatest common divisor of 60 and 15?
15
Calculate the highest common divisor of 488 and 1647.
61
Calculate the highest common divisor of 172 and 2322.
86
What is the highest common factor of 1985 and 10?
5
Calculate the highest common factor of 144 and 1323.
9
What is the highest common factor of 175 and 2149?
7
What is the highest common divisor of 231 and 2046?
33
What is the greatest common divisor of 102 and 75?
3
Calculate the highest common divisor of 2782 and 1498.
214
Calculate the greatest common divisor of 40 and 410.
10
What is the highest common factor of 3 and 59?
1
What is the greatest common divisor of 6930 and 55?
55
What is the greatest common factor of 30 and 2625?
15
What is the highest common divisor of 70 and 2044?
14
What is the greatest common factor of 954 and 18?
18
Calculate the highest common factor of 157 and 314.
157
Calculate the highest common factor of 527 and 408.
17
Calculate the highest common divisor of 26 and 2.
2
Calculate the greatest common factor of 2951 and 13.
13
What is the greatest common divisor of 267 and 178?
89
What is the highest common divisor of 109 and 109?
109
Calculate the greatest common divisor of 278 and 4.
2
Calculate the greatest common factor of 1624 and 1022.
14
What is the highest common divisor of 225 and 9?
9
Calculate the greatest common divisor of 107 and 5671.
107
Calculate the greatest common factor of 2968 and 84.
28
Calculate the highest common factor of 10 and 250.
10
What is the highest common divisor of 493 and 29?
29
What is the highest common divisor of 416 and 1612?
52
Calculate the highest common divisor of 90 and 10600.
10
Calculate the greatest common factor of 123 and 205.
41
What is the highest common factor of 266 and 28?
14
What is the greatest common factor of 405 and 120?
15
Calculate the highest common factor of 2563 and 11.
11
What is the highest common divisor of 3686 and 95?
19
What is the highest common factor of 250 and 15?
5
Calculate the greatest common divisor of 24 and 824.
8
What is the highest common divisor of 56 and 3528?
56
What is the highest common divisor of 87 and 2726?
29
What is the greatest common factor of 126 and 1344?
42
What is the highest common factor of 35 and 847?
7
What is the greatest common factor of 5630 and 10?
10
Calculate the greatest common divisor of 123 and 9.
3
Calculate the highest common factor of 8 and 560.
8
What is the highest common divisor of 4 and 8?
4
Calculate the highest common divisor of 80 and 40.
40
What is the highest common factor of 969 and 51?
51
Calculate the greatest common factor of 8868 and 36.
12
Calculate the highest common factor of 95 and 23845.
95
What is the greatest common factor of 1095 and 146?
73
What is the greatest common divisor of 6 and 1059?
3
Calculate the highest common divisor of 2368 and 1998.
74
What is the highest common factor of 935 and 85?
85
What is the highest common divisor of 312 and 276?
12
Calculate the highest common divisor of 110 and 2035.
55
What is the greatest common factor of 754 and 58?
58
What is the greatest common divisor of 142 and 9159?
71
What is the greatest common divisor of 438 and 6?
6
Calculate the highest common divisor of 50 and 8.
2
What is the highest common factor of 5 and 40975?
5
Calculate the greatest common factor of 26 and 130.
26
What is the greatest common divisor of 15282 and 135?
27
Calculate the greatest common factor of 512 and 64.
64
Calculate the highest common factor of 2002 and 494.
26
Calculate the highest common divisor of 8 and 1352.
8
Calculate the highest common divisor of 87857 and 98.
49
What is the greatest common factor of 228 and 18?
6
Calculate the greatest common factor of 712 and 808.
8
What is the highest common factor of 3077 and 442?
17
Calculate the greatest common factor of 40672 and 32.
32
What is the highest common factor of 3660 and 80?
20
What is the greatest common factor of 296 and 76?
4
What is the highest common factor of 782 and 17?
17
Calculate the greatest common divisor of 125 and 5.
5
What is the greatest common divisor of 90 and 6630?
30
What is the greatest common factor of 189 and 2619?
27
What is the greatest common factor of 105 and 70?
35
Calculate the highest common divisor of 72 and 16.
8
What is the highest common factor of 48 and 1356?
12
Calculate the highest common divisor of 26 and 4082.
26
Calculate the highest common divisor of 136 and 8.
8
Calculate the greatest common factor of 558 and 18.
18
Calculate the highest common divisor of 5780 and 340.
340
Calculate the greatest common factor of 1 and 257.
1
What is the greatest common divisor of 5586 and 19?
19
What is the greatest common factor of 610 and 10?
10
Calculate the highest common factor of 1 and 39.
1
Calculate the highest common divisor of 261 and 9.
9
What is the greatest common divisor of 1557 and 346?
173
Calculate the greatest common factor of 2656 and 16.
16
What is the highest common divisor of 20 and 2190?
10
What is the highes